{"id":6994,"date":"2025-04-10T14:37:58","date_gmt":"2025-04-10T12:37:58","guid":{"rendered":"https:\/\/la-perle-rare-83.fr\/?page_id=6994"},"modified":"2025-05-23T08:23:00","modified_gmt":"2025-05-23T06:23:00","slug":"soiree","status":"publish","type":"page","link":"https:\/\/la-perle-rare-83.fr\/index.php\/soiree\/","title":{"rendered":"soir\u00e9e"},"content":{"rendered":"\n<div class=\"wp-block-cover alignfull\" style=\"padding-top:0px;min-height:181px;aspect-ratio:unset;\"><img loading=\"lazy\" decoding=\"async\" width=\"2560\" height=\"276\" class=\"wp-block-cover__image-background wp-image-7698 size-full\" alt=\"\" src=\"https:\/\/la-perle-rare-83.fr\/wp-content\/uploads\/2025\/05\/bandoe-scaled.png\" data-object-fit=\"cover\" srcset=\"https:\/\/la-perle-rare-83.fr\/wp-content\/uploads\/2025\/05\/bandoe-scaled.png 2560w, https:\/\/la-perle-rare-83.fr\/wp-content\/uploads\/2025\/05\/bandoe-300x32.png 300w, https:\/\/la-perle-rare-83.fr\/wp-content\/uploads\/2025\/05\/bandoe-1024x110.png 1024w, https:\/\/la-perle-rare-83.fr\/wp-content\/uploads\/2025\/05\/bandoe-2000x216.png 2000w\" sizes=\"auto, (max-width: 2560px) 100vw, 2560px\" \/><span aria-hidden=\"true\" class=\"wp-block-cover__background has-black-background-color has-background-dim-20 has-background-dim\"><\/span><div class=\"wp-block-cover__inner-container is-layout-flow wp-block-cover-is-layout-flow\">\n<div class=\"wp-block-group is-style-default has-global-padding is-layout-constrained wp-block-group-is-layout-constrained\"><\/div>\n<\/div><\/div>\n\n\n\n<p class=\"has-text-align-left has-secondary-color has-text-color\" style=\"letter-spacing:1px\">      En Soir\u00e9e<\/p>\n\n\n\n<div id=\"services\" class=\"wp-block-group pattern_multiple_covers has-global-padding is-layout-constrained wp-container-core-group-is-layout-3a820303 wp-block-group-is-layout-constrained\" style=\"padding-right:var(--wp--preset--spacing--small);padding-left:var(--wp--preset--spacing--small)\">\n<h2 class=\"wp-block-heading has-text-align-left has-large-font-size\"><strong>Set Ap\u00e9ritif Dinatoire le Soi<\/strong>r<\/h2>\n\n\n\n<p><\/p>\n\n\n\n<p>Lorsque le soleil se couche, <strong>La Perle Rare<\/strong> se transforme en un lieu magique o\u00f9 le festif et le raffinement se rencontrent. La lumi\u00e8re douce du soir cr\u00e9e une atmosph\u00e8re chaleureuse, et vous \u00eates invit\u00e9s \u00e0 profiter de notre <strong>ap\u00e9ritif dinatoire<\/strong> dans une ambiance d\u00e9contract\u00e9e mais \u00e9l\u00e9gante. <\/p>\n\n\n\n<p><\/p>\n\n\n\n<p><\/p>\n\n\n\n<div class=\"wp-block-columns is-layout-flex wp-container-core-columns-is-layout-28f84493 wp-block-columns-is-layout-flex\">\n<div class=\"wp-block-column is-layout-flow wp-block-column-is-layout-flow\" style=\"padding-top:0;padding-right:0;padding-bottom:0;padding-left:0\">\n<div class=\"wp-block-cover is-light\"><img loading=\"lazy\" decoding=\"async\" width=\"612\" height=\"408\" class=\"wp-block-cover__image-background wp-image-7012\" alt=\"\" src=\"https:\/\/la-perle-rare-83.fr\/wp-content\/uploads\/2025\/04\/istockphoto-1303977605-612x612-1.jpg\" data-object-fit=\"cover\" srcset=\"https:\/\/la-perle-rare-83.fr\/wp-content\/uploads\/2025\/04\/istockphoto-1303977605-612x612-1.jpg 612w, https:\/\/la-perle-rare-83.fr\/wp-content\/uploads\/2025\/04\/istockphoto-1303977605-612x612-1-300x200.jpg 300w, https:\/\/la-perle-rare-83.fr\/wp-content\/uploads\/2025\/04\/istockphoto-1303977605-612x612-1-600x400.jpg 600w\" sizes=\"auto, (max-width: 612px) 100vw, 612px\" \/><span aria-hidden=\"true\" class=\"wp-block-cover__background has-background-dim\" style=\"background-color:#ab8872\"><\/span><div class=\"wp-block-cover__inner-container is-layout-flow wp-block-cover-is-layout-flow\">\n<p class=\"has-text-align-center has-large-font-size\"><\/p>\n<\/div><\/div>\n<\/div>\n\n\n\n<div class=\"wp-block-column is-layout-flow wp-block-column-is-layout-flow\" style=\"padding-top:0;padding-right:0;padding-bottom:0;padding-left:0\">\n<div class=\"wp-block-cover is-light\"><img loading=\"lazy\" decoding=\"async\" width=\"1000\" height=\"667\" class=\"wp-block-cover__image-background wp-image-7085\" alt=\"\" src=\"https:\/\/la-perle-rare-83.fr\/wp-content\/uploads\/2025\/04\/1000_F_699890533_IbpcuZcyzMdbk3VaMixTYGj4xOHpGzBm.jpg\" data-object-fit=\"cover\" srcset=\"https:\/\/la-perle-rare-83.fr\/wp-content\/uploads\/2025\/04\/1000_F_699890533_IbpcuZcyzMdbk3VaMixTYGj4xOHpGzBm.jpg 1000w, https:\/\/la-perle-rare-83.fr\/wp-content\/uploads\/2025\/04\/1000_F_699890533_IbpcuZcyzMdbk3VaMixTYGj4xOHpGzBm-300x200.jpg 300w, https:\/\/la-perle-rare-83.fr\/wp-content\/uploads\/2025\/04\/1000_F_699890533_IbpcuZcyzMdbk3VaMixTYGj4xOHpGzBm-600x400.jpg 600w\" sizes=\"auto, (max-width: 1000px) 100vw, 1000px\" \/><span aria-hidden=\"true\" class=\"wp-block-cover__background has-background-dim\" style=\"background-color:#bf8d70\"><\/span><div class=\"wp-block-cover__inner-container is-layout-flow wp-block-cover-is-layout-flow\">\n<p class=\"has-text-align-center has-large-font-size\"><\/p>\n<\/div><\/div>\n<\/div>\n\n\n\n<div class=\"wp-block-column is-layout-flow wp-block-column-is-layout-flow\" style=\"padding-top:0;padding-right:0;padding-bottom:0;padding-left:0\">\n<div class=\"wp-block-cover\"><img loading=\"lazy\" decoding=\"async\" width=\"429\" height=\"240\" class=\"wp-block-cover__image-background wp-image-7014\" alt=\"\" src=\"https:\/\/la-perle-rare-83.fr\/wp-content\/uploads\/2025\/04\/240_F_622654271_o3ovEuEhg331X2xvQeJ3i7t0l9BVISuv.jpg\" data-object-fit=\"cover\" srcset=\"https:\/\/la-perle-rare-83.fr\/wp-content\/uploads\/2025\/04\/240_F_622654271_o3ovEuEhg331X2xvQeJ3i7t0l9BVISuv.jpg 429w, https:\/\/la-perle-rare-83.fr\/wp-content\/uploads\/2025\/04\/240_F_622654271_o3ovEuEhg331X2xvQeJ3i7t0l9BVISuv-300x168.jpg 300w\" sizes=\"auto, (max-width: 429px) 100vw, 429px\" \/><span aria-hidden=\"true\" class=\"wp-block-cover__background has-background-dim\" style=\"background-color:#7b4a2d\"><\/span><div class=\"wp-block-cover__inner-container is-layout-flow wp-block-cover-is-layout-flow\">\n<p class=\"has-text-align-center has-large-font-size\"><\/p>\n<\/div><\/div>\n<\/div>\n<\/div>\n\n\n\n<div class=\"wp-block-columns is-layout-flex wp-container-core-columns-is-layout-28f84493 wp-block-columns-is-layout-flex\">\n<div class=\"wp-block-column is-layout-flow wp-block-column-is-layout-flow\">\n<p><strong><strong>Cocktails signatures<\/strong> :<\/strong><\/p>\n\n\n\n<p>Des cr\u00e9ations uniques, sp\u00e9cialement \u00e9labor\u00e9es pour votre plaisir.<\/p>\n\n\n\n<p><strong>Vins et champagnes s\u00e9lectionn\u00e9s<\/strong> : Une carte de grands crus pour sublimer vos soir\u00e9es.<\/p>\n<\/div>\n\n\n\n<div class=\"wp-block-column is-layout-flow wp-block-column-is-layout-flow\">\n<p><strong>Assortiment de tapas du moment<\/strong> :<\/p>\n\n\n\n<p>planche ap\u00e9ro, Tapas m\u00e9diterran\u00e9ens, fromage, charcuterie et autres bouch\u00e9es raffin\u00e9es, id\u00e9ales \u00e0 partager.<\/p>\n<\/div>\n\n\n\n<div class=\"wp-block-column is-layout-flow wp-block-column-is-layout-flow\">\n<p><strong>Ambiance musicale : <\/strong><\/p>\n\n\n\n<p class=\"has-text-align-left\">Laissez-vous envo\u00fbter par une playlist soigneusement choisie, qui accompagne parfaitement vos conversations et moments de d\u00e9tente.<\/p>\n<\/div>\n<\/div>\n<\/div>\n\n\n\n<p><\/p>\n\n\n\n<div id=\"services\" class=\"wp-block-group pattern_multiple_covers has-global-padding is-layout-constrained wp-container-core-group-is-layout-3a820303 wp-block-group-is-layout-constrained\" style=\"padding-right:var(--wp--preset--spacing--small);padding-left:var(--wp--preset--spacing--small)\">\n<div style=\"height:0px\" aria-hidden=\"true\" class=\"wp-block-spacer\"><\/div>\n\n\n\n<div class=\"wp-block-columns is-layout-flex wp-container-core-columns-is-layout-28f84493 wp-block-columns-is-layout-flex\">\n<div class=\"wp-block-column is-layout-flow wp-block-column-is-layout-flow\" style=\"flex-basis:66.66%\">\n<figure class=\"wp-block-image size-full is-resized\"><img loading=\"lazy\" decoding=\"async\" width=\"360\" height=\"240\" src=\"https:\/\/la-perle-rare-83.fr\/wp-content\/uploads\/2025\/04\/240_F_273606258_wEOOdg0eL07ZHMa8cw2eu4dQlqiD15Cn.jpg\" alt=\"\" class=\"wp-image-7017\" style=\"width:693px;height:auto\" srcset=\"https:\/\/la-perle-rare-83.fr\/wp-content\/uploads\/2025\/04\/240_F_273606258_wEOOdg0eL07ZHMa8cw2eu4dQlqiD15Cn.jpg 360w, https:\/\/la-perle-rare-83.fr\/wp-content\/uploads\/2025\/04\/240_F_273606258_wEOOdg0eL07ZHMa8cw2eu4dQlqiD15Cn-300x200.jpg 300w\" sizes=\"auto, (max-width: 360px) 100vw, 360px\" \/><\/figure>\n<\/div>\n\n\n\n<div class=\"wp-block-column is-layout-flow wp-block-column-is-layout-flow\" style=\"flex-basis:33.33%\">\n<p>La vue sur le port et le spectacle des feux d&rsquo;artifice, souvent visibles pendant les soir\u00e9es estivales, ajoutent \u00e0 la magie du moment.<\/p>\n\n\n\n<p>Que vous soyez en couple, entre amis ou en groupe, l\u2019ambiance est toujours conviviale et festive. Nous vous proposons une carte d\u2019ap\u00e9ritifs et de petites bouch\u00e9es raffin\u00e9es, \u00e0 savourer en admirant le coucher du soleil.<\/p>\n<\/div>\n<\/div>\n<\/div>\n\n\n\n<p><\/p>\n","protected":false},"excerpt":{"rendered":"<p>En Soir\u00e9e Set Ap\u00e9ritif Dinatoire le Soir Lorsque le soleil se couche, La Perle Rare se transforme en un lieu magique o\u00f9 le festif et le raffinement se rencontrent. La lumi\u00e8re douce du soir cr\u00e9e une atmosph\u00e8re chaleureuse, et vous \u00eates invit\u00e9s \u00e0 profiter de notre ap\u00e9ritif dinatoire dans une ambiance d\u00e9contract\u00e9e mais \u00e9l\u00e9gante. Cocktails &hellip; <\/p>\n<p class=\"link-more\"><a href=\"https:\/\/la-perle-rare-83.fr\/index.php\/soiree\/\" class=\"more-link\">Lire la suite de<span class=\"screen-reader-text\">\u00ab\u00a0soir\u00e9e\u00a0\u00bb<\/span><\/a><\/p>\n","protected":false},"author":1,"featured_media":0,"parent":0,"menu_order":0,"comment_status":"closed","ping_status":"closed","template":"page-templates\/full-width-transparent.php","meta":{"_monsterinsights_skip_tracking":false,"_monsterinsights_sitenote_active":false,"_monsterinsights_sitenote_note":"","_monsterinsights_sitenote_category":0,"inspiro_hide_title":false,"footnotes":""},"class_list":["post-6994","page","type-page","status-publish","hentry"],"_links":{"self":[{"href":"https:\/\/la-perle-rare-83.fr\/index.php\/wp-json\/wp\/v2\/pages\/6994","targetHints":{"allow":["GET"]}}],"collection":[{"href":"https:\/\/la-perle-rare-83.fr\/index.php\/wp-json\/wp\/v2\/pages"}],"about":[{"href":"https:\/\/la-perle-rare-83.fr\/index.php\/wp-json\/wp\/v2\/types\/page"}],"author":[{"embeddable":true,"href":"https:\/\/la-perle-rare-83.fr\/index.php\/wp-json\/wp\/v2\/users\/1"}],"replies":[{"embeddable":true,"href":"https:\/\/la-perle-rare-83.fr\/index.php\/wp-json\/wp\/v2\/comments?post=6994"}],"version-history":[{"count":15,"href":"https:\/\/la-perle-rare-83.fr\/index.php\/wp-json\/wp\/v2\/pages\/6994\/revisions"}],"predecessor-version":[{"id":7728,"href":"https:\/\/la-perle-rare-83.fr\/index.php\/wp-json\/wp\/v2\/pages\/6994\/revisions\/7728"}],"wp:attachment":[{"href":"https:\/\/la-perle-rare-83.fr\/index.php\/wp-json\/wp\/v2\/media?parent=6994"}],"curies":[{"name":"wp","href":"https:\/\/api.w.org\/{rel}","templated":true}]}}