{"id":7023,"date":"2025-04-10T17:05:47","date_gmt":"2025-04-10T15:05:47","guid":{"rendered":"https:\/\/la-perle-rare-83.fr\/?page_id=7023"},"modified":"2025-05-22T11:14:48","modified_gmt":"2025-05-22T09:14:48","slug":"notre-concept","status":"publish","type":"page","link":"https:\/\/la-perle-rare-83.fr\/index.php\/notre-concept\/","title":{"rendered":"Notre Concept"},"content":{"rendered":"\n<main class=\"wp-block-group alignfull site-content is-layout-flow wp-block-group-is-layout-flow\" id=\"header\" style=\"margin-top:0\">\n<div class=\"wp-block-cover alignfull\" style=\"padding-top:0px;min-height:181px;aspect-ratio:unset;\"><img loading=\"lazy\" decoding=\"async\" width=\"2560\" height=\"276\" class=\"wp-block-cover__image-background wp-image-7698 size-full\" alt=\"\" src=\"https:\/\/la-perle-rare-83.fr\/wp-content\/uploads\/2025\/05\/bandoe-scaled.png\" data-object-fit=\"cover\" srcset=\"https:\/\/la-perle-rare-83.fr\/wp-content\/uploads\/2025\/05\/bandoe-scaled.png 2560w, https:\/\/la-perle-rare-83.fr\/wp-content\/uploads\/2025\/05\/bandoe-300x32.png 300w, https:\/\/la-perle-rare-83.fr\/wp-content\/uploads\/2025\/05\/bandoe-1024x110.png 1024w, https:\/\/la-perle-rare-83.fr\/wp-content\/uploads\/2025\/05\/bandoe-2000x216.png 2000w\" sizes=\"auto, (max-width: 2560px) 100vw, 2560px\" \/><span aria-hidden=\"true\" class=\"wp-block-cover__background has-black-background-color has-background-dim-20 has-background-dim\"><\/span><div class=\"wp-block-cover__inner-container is-layout-flow wp-block-cover-is-layout-flow\">\n<div class=\"wp-block-group is-style-default has-global-padding is-layout-constrained wp-block-group-is-layout-constrained\"><\/div>\n<\/div><\/div>\n<\/main>\n\n\n\n<div id=\"services\" class=\"wp-block-group pattern_multiple_covers has-global-padding is-layout-constrained wp-container-core-group-is-layout-3a820303 wp-block-group-is-layout-constrained\" style=\"padding-right:var(--wp--preset--spacing--small);padding-left:var(--wp--preset--spacing--small)\">\n<h2 class=\"wp-block-heading has-text-align-left has-large-font-size\">Faites vous plaisir<\/h2>\n\n\n\n<p class=\"has-text-align-left\"><strong>Bienvenue \u00e0 La Perle Rare<\/strong> \u2013 le lieu incontournable du Lavandou, o\u00f9 l\u2019art de vivre se d\u00e9cline tout au long de l&rsquo;ann\u00e9e, avec une exp\u00e9rience unique \u00e0 chaque saison.<\/p>\n\n\n\n<h2 class=\"wp-block-heading has-text-align-center\"><strong>L\u2019\u00e9t\u00e9 <\/strong><br><strong>Une Escapade Gourmande et Festive<\/strong><\/h2>\n\n\n\n<p>Pendant la saison estivale, <strong>La Perle Rare<\/strong> se transforme en un v\u00e9ritable havre de gourmandise et de convivialit\u00e9, avec une ambiance chaleureuse et d\u00e9contract\u00e9e.<\/p>\n\n\n\n<div class=\"wp-block-columns is-layout-flex wp-container-core-columns-is-layout-28f84493 wp-block-columns-is-layout-flex\">\n<div class=\"wp-block-column is-layout-flow wp-block-column-is-layout-flow\" style=\"flex-basis:33.33%\">\n<figure class=\"wp-block-image size-full\"><img loading=\"lazy\" decoding=\"async\" width=\"360\" height=\"240\" src=\"https:\/\/la-perle-rare-83.fr\/wp-content\/uploads\/2025\/04\/240_F_1046115370_ezhkVyNrP4BMdNXzDw5HHmsRXNY1gWhY-1.jpg\" alt=\"\" class=\"wp-image-7137\" srcset=\"https:\/\/la-perle-rare-83.fr\/wp-content\/uploads\/2025\/04\/240_F_1046115370_ezhkVyNrP4BMdNXzDw5HHmsRXNY1gWhY-1.jpg 360w, https:\/\/la-perle-rare-83.fr\/wp-content\/uploads\/2025\/04\/240_F_1046115370_ezhkVyNrP4BMdNXzDw5HHmsRXNY1gWhY-1-300x200.jpg 300w\" sizes=\"auto, (max-width: 360px) 100vw, 360px\" \/><\/figure>\n<\/div>\n\n\n\n<div class=\"wp-block-column is-layout-flow wp-block-column-is-layout-flow\" style=\"flex-basis:66.66%\">\n<h2 class=\"wp-block-heading\"><strong>Snacking Gourmand et Glaces Rafra\u00eechissantes<\/strong><\/h2>\n\n\n\n<p>Le midi, nous vous proposons une <strong>s\u00e9lection de snacks gourmands<\/strong>, l\u00e9gers et savoureux, parfaits pour une pause d\u00e9jeuner les pieds dans le sable ou au bord de notre terrasse. Nos plats sont pr\u00e9par\u00e9s avec des produits frais et de saison, garantissant une exp\u00e9rience gustative de qualit\u00e9. Et pour parfaire votre moment de d\u00e9tente, laissez-vous tenter par nos <strong>glaces <\/strong> disponibles toute la journ\u00e9e, id\u00e9ales pour vous rafra\u00eechir sous le soleil du Lavandou.<\/p>\n<\/div>\n<\/div>\n\n\n\n<div class=\"wp-block-columns is-layout-flex wp-container-core-columns-is-layout-28f84493 wp-block-columns-is-layout-flex\">\n<div class=\"wp-block-column is-layout-flow wp-block-column-is-layout-flow\" style=\"flex-basis:66.66%\">\n<h2 class=\"wp-block-heading\"><strong>Le Soir \u2013 Ap\u00e9ritif Dinatoire et Ambiance Festive<\/strong><\/h2>\n\n\n\n<p>Lorsque la chaleur du jour c\u00e8de la place \u00e0 la fra\u00eecheur du soir, <strong>La Perle Rare<\/strong> prend un tournant plus festif. Le bar devient le lieu parfait pour savourer un <strong>ap\u00e9ritif dinatoire<\/strong>. Nous vous proposons une carte de tapas raffin\u00e9s, de cocktails cr\u00e9atifs et de petites bouch\u00e9es d\u00e9licates, id\u00e9ales pour un moment entre amis ou en famille. L\u2019ambiance se transforme en un v\u00e9ritable rendez-vous festif et musical, avec des <strong>sons entra\u00eenants<\/strong> qui accompagnent vos conversations et vos rires. La vue imprenable sur le port et, parfois, un <strong>feu d&rsquo;artifice<\/strong>, ajoutent une touche magique \u00e0 vos soir\u00e9es estivales.<\/p>\n<\/div>\n\n\n\n<div class=\"wp-block-column is-layout-flow wp-block-column-is-layout-flow\" style=\"flex-basis:33.33%\">\n<figure class=\"wp-block-image size-full\"><img loading=\"lazy\" decoding=\"async\" width=\"429\" height=\"240\" src=\"https:\/\/la-perle-rare-83.fr\/wp-content\/uploads\/2025\/04\/240_F_931690864_jlMwgXGWT0xVetS9zCtbZlfzNzbJvbKp.jpg\" alt=\"\" class=\"wp-image-7138\" srcset=\"https:\/\/la-perle-rare-83.fr\/wp-content\/uploads\/2025\/04\/240_F_931690864_jlMwgXGWT0xVetS9zCtbZlfzNzbJvbKp.jpg 429w, https:\/\/la-perle-rare-83.fr\/wp-content\/uploads\/2025\/04\/240_F_931690864_jlMwgXGWT0xVetS9zCtbZlfzNzbJvbKp-300x168.jpg 300w\" sizes=\"auto, (max-width: 429px) 100vw, 429px\" \/><\/figure>\n<\/div>\n<\/div>\n\n\n\n<h2 class=\"wp-block-heading has-text-align-center\"><strong>L&rsquo;Hiver <\/strong><br><strong>Raffinement et Gastronomie Autour de la Truffe Noire<\/strong><\/h2>\n\n\n\n<div class=\"wp-block-columns is-layout-flex wp-container-core-columns-is-layout-28f84493 wp-block-columns-is-layout-flex\">\n<div class=\"wp-block-column is-layout-flow wp-block-column-is-layout-flow\" style=\"flex-basis:66.66%\">\n<p class=\"has-text-align-left\">L&rsquo;hiver, <strong>La Perle Rare<\/strong> se fait plus intimiste et \u00e9l\u00e9gant. Nous vous proposons une <strong>exp\u00e9rience gastronomique raffin\u00e9e<\/strong>, mettant en avant un produit d&rsquo;exception : la <strong>truffe noire<\/strong>. Du <strong>d\u00e9but \u00e0 la fin du repas<\/strong>, nos menus sont imagin\u00e9s pour vous faire d\u00e9couvrir cette d\u00e9licatesse sous toutes ses formes. En entr\u00e9e, plats et m\u00eame dans les desserts, la truffe noire apporte une touche de luxe et de saveur incomparable. C\u2019est l\u2019occasion de savourer des mets qui r\u00e9chauffent le c\u0153ur tout en stimulant vos papilles, dans une ambiance chaleureuse et feutr\u00e9e.<\/p>\n<\/div>\n\n\n\n<div class=\"wp-block-column is-layout-flow wp-block-column-is-layout-flow\" style=\"flex-basis:33.33%\">\n<figure class=\"wp-block-image aligncenter size-full is-resized\"><img loading=\"lazy\" decoding=\"async\" width=\"1024\" height=\"1024\" src=\"https:\/\/la-perle-rare-83.fr\/wp-content\/uploads\/2025\/04\/a-bag-of-black-truffles-on-a-rustic-table-1.jpg\" alt=\"\" class=\"wp-image-7161\" style=\"width:225px;height:auto\" srcset=\"https:\/\/la-perle-rare-83.fr\/wp-content\/uploads\/2025\/04\/a-bag-of-black-truffles-on-a-rustic-table-1.jpg 1024w, https:\/\/la-perle-rare-83.fr\/wp-content\/uploads\/2025\/04\/a-bag-of-black-truffles-on-a-rustic-table-1-300x300.jpg 300w, https:\/\/la-perle-rare-83.fr\/wp-content\/uploads\/2025\/04\/a-bag-of-black-truffles-on-a-rustic-table-1-150x150.jpg 150w\" sizes=\"auto, (max-width: 1024px) 100vw, 1024px\" \/><\/figure>\n<\/div>\n<\/div>\n\n\n\n<h2 class=\"wp-block-heading has-text-align-center\"><strong>Un Lieu Unique pour Toutes les Occasions<\/strong><\/h2>\n\n\n\n<p>Que vous soyez en qu\u00eate d&rsquo;un moment de d\u00e9tente sur la plage en \u00e9t\u00e9 ou que vous ayez envie de vous offrir une exp\u00e9rience gastronomique hivernale, <strong>La Perle Rare<\/strong> est l&rsquo;endroit id\u00e9al pour savourer des mets d\u2019exception dans un cadre idyllique.<\/p>\n\n\n\n<p>En r\u00e9sum\u00e9, notre bar-restaurant est un v\u00e9ritable lieu de vie, qui \u00e9volue au rythme des saisons pour vous offrir une exp\u00e9rience diff\u00e9rente mais toujours inoubliable, qu\u2019il s\u2019agisse d\u2019un d\u00e9jeuner ensoleill\u00e9, d\u2019un ap\u00e9ritif au coucher du soleil ou d\u2019un d\u00eener raffin\u00e9 autour de la truffe.<\/p>\n\n\n\n<p><\/p>\n\n\n\n<div style=\"height:0px\" aria-hidden=\"true\" class=\"wp-block-spacer\"><\/div>\n\n\n\n<p><\/p>\n\n\n\n<p><\/p>\n<\/div>\n","protected":false},"excerpt":{"rendered":"<p>Faites vous plaisir Bienvenue \u00e0 La Perle Rare \u2013 le lieu incontournable du Lavandou, o\u00f9 l\u2019art de vivre se d\u00e9cline tout au long de l&rsquo;ann\u00e9e, avec une exp\u00e9rience unique \u00e0 chaque saison. L\u2019\u00e9t\u00e9 Une Escapade Gourmande et Festive Pendant la saison estivale, La Perle Rare se transforme en un v\u00e9ritable havre de gourmandise et de &hellip; <\/p>\n<p class=\"link-more\"><a href=\"https:\/\/la-perle-rare-83.fr\/index.php\/notre-concept\/\" class=\"more-link\">Lire la suite de<span class=\"screen-reader-text\">\u00ab\u00a0Notre Concept\u00a0\u00bb<\/span><\/a><\/p>\n","protected":false},"author":1,"featured_media":0,"parent":0,"menu_order":0,"comment_status":"closed","ping_status":"closed","template":"page-templates\/full-width-transparent.php","meta":{"_monsterinsights_skip_tracking":false,"_monsterinsights_sitenote_active":false,"_monsterinsights_sitenote_note":"","_monsterinsights_sitenote_category":0,"inspiro_hide_title":false,"footnotes":""},"class_list":["post-7023","page","type-page","status-publish","hentry"],"_links":{"self":[{"href":"https:\/\/la-perle-rare-83.fr\/index.php\/wp-json\/wp\/v2\/pages\/7023","targetHints":{"allow":["GET"]}}],"collection":[{"href":"https:\/\/la-perle-rare-83.fr\/index.php\/wp-json\/wp\/v2\/pages"}],"about":[{"href":"https:\/\/la-perle-rare-83.fr\/index.php\/wp-json\/wp\/v2\/types\/page"}],"author":[{"embeddable":true,"href":"https:\/\/la-perle-rare-83.fr\/index.php\/wp-json\/wp\/v2\/users\/1"}],"replies":[{"embeddable":true,"href":"https:\/\/la-perle-rare-83.fr\/index.php\/wp-json\/wp\/v2\/comments?post=7023"}],"version-history":[{"count":14,"href":"https:\/\/la-perle-rare-83.fr\/index.php\/wp-json\/wp\/v2\/pages\/7023\/revisions"}],"predecessor-version":[{"id":7702,"href":"https:\/\/la-perle-rare-83.fr\/index.php\/wp-json\/wp\/v2\/pages\/7023\/revisions\/7702"}],"wp:attachment":[{"href":"https:\/\/la-perle-rare-83.fr\/index.php\/wp-json\/wp\/v2\/media?parent=7023"}],"curies":[{"name":"wp","href":"https:\/\/api.w.org\/{rel}","templated":true}]}}